{"id":38,"date":"2017-06-23T14:12:34","date_gmt":"2017-06-23T13:12:34","guid":{"rendered":"http:\/\/scaer-couverture.bzh\/?page_id=38"},"modified":"2026-02-16T10:08:40","modified_gmt":"2026-02-16T09:08:40","slug":"accueil","status":"publish","type":"page","link":"https:\/\/scaer-couverture.bzh\/","title":{"rendered":"Accueil"},"content":{"rendered":"\n<div class=\"wp-block-image\"><figure class=\"aligncenter size-large\"><img loading=\"lazy\" width=\"863\" height=\"244\" src=\"http:\/\/scaer-couverture.bzh\/wp-content\/uploads\/2026\/02\/LOGO-MAEVA-PARENT_page-0001.jpg\" alt=\"\" class=\"wp-image-345\" srcset=\"https:\/\/scaer-couverture.bzh\/wp-content\/uploads\/2026\/02\/LOGO-MAEVA-PARENT_page-0001.jpg 863w, https:\/\/scaer-couverture.bzh\/wp-content\/uploads\/2026\/02\/LOGO-MAEVA-PARENT_page-0001-300x85.jpg 300w, https:\/\/scaer-couverture.bzh\/wp-content\/uploads\/2026\/02\/LOGO-MAEVA-PARENT_page-0001-768x217.jpg 768w\" sizes=\"(max-width: 863px) 100vw, 863px\" \/><\/figure><\/div>\n\n\n\n<p><\/p>\n\n\n\n<hr class=\"wp-block-separator\"\/>\n\n\n\n<h3 class=\"has-text-align-center\">Une \u00e9quipe \u00e0 votre \u00e9coute, des travaux soign\u00e9s, des mat\u00e9riaux de qualit\u00e9.<\/h3>\n\n\n\n<h3>&nbsp;&nbsp;<img loading=\"lazy\" width=\"975\" height=\"260\" class=\"wp-image-69 aligncenter\" src=\"http:\/\/scaer-couverture.bzh\/wp-content\/uploads\/2017\/06\/Capture-300x80.png\" alt=\"\" srcset=\"https:\/\/scaer-couverture.bzh\/wp-content\/uploads\/2017\/06\/Capture-300x80.png 300w, https:\/\/scaer-couverture.bzh\/wp-content\/uploads\/2017\/06\/Capture-768x205.png 768w, https:\/\/scaer-couverture.bzh\/wp-content\/uploads\/2017\/06\/Capture-1024x274.png 1024w, https:\/\/scaer-couverture.bzh\/wp-content\/uploads\/2017\/06\/Capture.png 1155w\" sizes=\"(max-width: 975px) 100vw, 975px\" \/><\/h3>\n\n\n\n<hr class=\"wp-block-separator\"\/>\n\n\n\n<h5 class=\"has-text-align-center\">&nbsp;Nous intervenons depuis 2017 dans le Finist\u00e8re Sud pour tous travaux neuf ou r\u00e9novation en couverture, zinguerie, bardage, isolation thermique par l&rsquo;ext\u00e9rieur. <\/h5>\n\n\n\n<h5 class=\"has-text-align-center\">Nous intervenons aupr\u00e8s des particuliers, professionnels, ma\u00eetres d\u2019\u0153uvre, architectes&#8230; <\/h5>\n\n\n\n<hr class=\"wp-block-separator\"\/>\n\n\n\n<figure class=\"wp-block-embed is-type-video is-provider-vimeo wp-block-embed-vimeo wp-embed-aspect-16-9 wp-has-aspect-ratio\"><div class=\"wp-block-embed__wrapper\">\n<iframe title=\"Festival de l&#039;Artisanat - Mae\u0301va Parent Couvreuse\" src=\"https:\/\/player.vimeo.com\/video\/319511149?dnt=1&amp;app_id=122963\" width=\"710\" height=\"399\" frameborder=\"0\" allow=\"autoplay; fullscreen; picture-in-picture; clipboard-write; encrypted-media; web-share\" referrerpolicy=\"strict-origin-when-cross-origin\"><\/iframe>\n<\/div><\/figure>\n\n\n\n<hr class=\"wp-block-separator\"\/>\n\n\n\n<div class=\"wp-block-columns\">\n<div class=\"wp-block-column\" style=\"flex-basis:100%\"><\/div>\n<\/div>\n\n\n\n<div class=\"wp-block-columns\">\n<div class=\"wp-block-column\" style=\"flex-basis:25%\"><\/div>\n\n\n\n<div class=\"wp-block-column\" style=\"flex-basis:25%\">\n<p><\/p>\n<\/div>\n\n\n\n<div class=\"wp-block-column\" style=\"flex-basis:25%\"><\/div>\n\n\n\n<div class=\"wp-block-column\" style=\"flex-basis:25%\"><\/div>\n<\/div>\n\n\n\n<hr class=\"wp-block-separator\"\/>\n\n\n\n<div class=\"wp-block-columns are-vertically-aligned-center\">\n<div class=\"wp-block-column is-vertically-aligned-center\">\n<figure class=\"wp-block-gallery columns-0 is-cropped\"><ul class=\"blocks-gallery-grid\"><\/ul><\/figure>\n\n\n\n<p><\/p>\n<\/div>\n\n\n\n<div class=\"wp-block-column is-vertically-aligned-center\">\n<figure class=\"wp-block-gallery columns-1 is-cropped\"><ul class=\"blocks-gallery-grid\"><li class=\"blocks-gallery-item\"><figure><img loading=\"lazy\" width=\"1024\" height=\"905\" src=\"https:\/\/scaer-couverture.bzh\/wp-content\/uploads\/2021\/01\/Qualibat-RGE-Logo-2-1024x905.jpg\" alt=\"\" data-id=\"174\" data-full-url=\"https:\/\/scaer-couverture.bzh\/wp-content\/uploads\/2021\/01\/Qualibat-RGE-Logo-2.jpg\" data-link=\"https:\/\/scaer-couverture.bzh\/?attachment_id=174\" class=\"wp-image-174\" srcset=\"https:\/\/scaer-couverture.bzh\/wp-content\/uploads\/2021\/01\/Qualibat-RGE-Logo-2-1024x905.jpg 1024w, https:\/\/scaer-couverture.bzh\/wp-content\/uploads\/2021\/01\/Qualibat-RGE-Logo-2-300x265.jpg 300w, https:\/\/scaer-couverture.bzh\/wp-content\/uploads\/2021\/01\/Qualibat-RGE-Logo-2-768x679.jpg 768w, https:\/\/scaer-couverture.bzh\/wp-content\/uploads\/2021\/01\/Qualibat-RGE-Logo-2-1536x1357.jpg 1536w, https:\/\/scaer-couverture.bzh\/wp-content\/uploads\/2021\/01\/Qualibat-RGE-Logo-2.jpg 1900w\" sizes=\"(max-width: 1024px) 100vw, 1024px\" \/><\/figure><\/li><\/ul><\/figure>\n<\/div>\n\n\n\n<div class=\"wp-block-column is-vertically-aligned-center\">\n<figure class=\"wp-block-gallery aligncenter columns-1 is-cropped\"><ul class=\"blocks-gallery-grid\"><li class=\"blocks-gallery-item\"><figure><img loading=\"lazy\" width=\"1024\" height=\"420\" src=\"https:\/\/scaer-couverture.bzh\/wp-content\/uploads\/2021\/01\/LOGO-ARTISANS-ARTIPOLE-1-1024x420.png\" alt=\"\" data-id=\"175\" data-full-url=\"https:\/\/scaer-couverture.bzh\/wp-content\/uploads\/2021\/01\/LOGO-ARTISANS-ARTIPOLE-1.png\" data-link=\"https:\/\/scaer-couverture.bzh\/?attachment_id=175\" class=\"wp-image-175\" srcset=\"https:\/\/scaer-couverture.bzh\/wp-content\/uploads\/2021\/01\/LOGO-ARTISANS-ARTIPOLE-1-1024x420.png 1024w, https:\/\/scaer-couverture.bzh\/wp-content\/uploads\/2021\/01\/LOGO-ARTISANS-ARTIPOLE-1-300x123.png 300w, https:\/\/scaer-couverture.bzh\/wp-content\/uploads\/2021\/01\/LOGO-ARTISANS-ARTIPOLE-1-768x315.png 768w, https:\/\/scaer-couverture.bzh\/wp-content\/uploads\/2021\/01\/LOGO-ARTISANS-ARTIPOLE-1-1536x630.png 1536w, https:\/\/scaer-couverture.bzh\/wp-content\/uploads\/2021\/01\/LOGO-ARTISANS-ARTIPOLE-1.png 1600w\" sizes=\"(max-width: 1024px) 100vw, 1024px\" \/><\/figure><\/li><\/ul><\/figure>\n<\/div>\n<\/div>\n\n\n\n<hr class=\"wp-block-separator\"\/>\n\n\n\n<ul class=\"wp-block-social-links alignright\"><li class=\"wp-social-link wp-social-link-facebook wp-block-social-link\"><a href=\"https:\/\/www.facebook.com\/Ma%C3%A9va-PARENT-Couverture-266641990501507\" aria-label=\"Facebook\" > <svg width=\"24\" height=\"24\" viewBox=\"0 0 24 24\" version=\"1.1\" xmlns=\"http:\/\/www.w3.org\/2000\/svg\" role=\"img\" aria-hidden=\"true\" focusable=\"false\"><path d=\"M12 2C6.5 2 2 6.5 2 12c0 5 3.7 9.1 8.4 9.9v-7H7.9V12h2.5V9.8c0-2.5 1.5-3.9 3.8-3.9 1.1 0 2.2.2 2.2.2v2.5h-1.3c-1.2 0-1.6.8-1.6 1.6V12h2.8l-.4 2.9h-2.3v7C18.3 21.1 22 17 22 12c0-5.5-4.5-10-10-10z\"><\/path><\/svg><\/a><\/li><\/ul>\n\n\n\n<p><\/p>\n","protected":false},"excerpt":{"rendered":"<p>Une \u00e9quipe \u00e0 votre \u00e9coute, des travaux soign\u00e9s, des mat\u00e9riaux de qualit\u00e9. &nbsp;&nbsp; &nbsp;Nous intervenons depuis 2017 dans le Finist\u00e8re Sud pour tous travaux neuf ou r\u00e9novation en couverture, zinguerie, bardage, isolation thermique par l&rsquo;ext\u00e9rieur. Nous intervenons aupr\u00e8s des particuliers,<\/p>\n","protected":false},"author":1,"featured_media":0,"parent":0,"menu_order":0,"comment_status":"closed","ping_status":"closed","template":"","meta":[],"_links":{"self":[{"href":"https:\/\/scaer-couverture.bzh\/index.php?rest_route=\/wp\/v2\/pages\/38"}],"collection":[{"href":"https:\/\/scaer-couverture.bzh\/index.php?rest_route=\/wp\/v2\/pages"}],"about":[{"href":"https:\/\/scaer-couverture.bzh\/index.php?rest_route=\/wp\/v2\/types\/page"}],"author":[{"embeddable":true,"href":"https:\/\/scaer-couverture.bzh\/index.php?rest_route=\/wp\/v2\/users\/1"}],"replies":[{"embeddable":true,"href":"https:\/\/scaer-couverture.bzh\/index.php?rest_route=%2Fwp%2Fv2%2Fcomments&post=38"}],"version-history":[{"count":18,"href":"https:\/\/scaer-couverture.bzh\/index.php?rest_route=\/wp\/v2\/pages\/38\/revisions"}],"predecessor-version":[{"id":347,"href":"https:\/\/scaer-couverture.bzh\/index.php?rest_route=\/wp\/v2\/pages\/38\/revisions\/347"}],"wp:attachment":[{"href":"https:\/\/scaer-couverture.bzh\/index.php?rest_route=%2Fwp%2Fv2%2Fmedia&parent=38"}],"curies":[{"name":"wp","href":"https:\/\/api.w.org\/{rel}","templated":true}]}}